 What is the units digit of v?
2
Suppose 11*q - 2187 = 2*q. Suppose q = 7*f - 4*f. What is the units digit of f?
1
What is the units digit of ((-2)/(-6))/(12/1980)?
5
Suppose -s + 10 = 4*s. Suppose 0 = -2*k + 5*b + 138, 2*k + s*b - 138 = -0*b. Suppose 4*m = -m + 5, -5*t = -m - k. What is the units digit of t?
4
Let y = -8 + 14. Suppose 0 = -6*d + y + 24. Suppose -d*u = -66 - 44. What is the units digit of u?
2
Let t = -5 + 25. What is the units digit of t/(5/(-1)) + 56?
2
What is the thousands digit of ((-720)/32*4)/((-2)/45)?
2
Let l(i) = 8*i**2 - 14*i + 34. What is the units digit of l(3)?
4
Let k(z) = 3*z - 5. Let f be k(3). Suppose 0*a - 4*a = -b + 22, -5*a + f = 4*b. What is the units digit of 2/(4/b) - -13?
6
Let q = -469 + 775. Let p be (2/(-4))/((-9)/q). Suppose 2*h = f - p, 4*f + 0*h = 3*h + 63. What is the tens digit of f?
1
Suppose -v = i - 5*i - 27, 2*i + 5*v - 3 = 0. What is the units digit of -3*(-8)/i + 221 + 4?
1
Suppose -3*s + 549 = 8*u - 5*u, 2*u + 8 = 0. What is the units digit of s?
7
Suppose -2*j + 10 + 12 = 0. Let o = -9 + j. Suppose -49 = -o*s + 45. What is the tens digit of s?
4
Suppose 2*n - 16 - 16 = 0. Suppose -s + 8 = 2*z, 5*z + 4*s = z + n. What is the units digit of z?
4
Let a(g) = g**3 - g**2 - g + 77. Let k be (3 - (-6)/(-2))*2/4. What is the tens digit of a(k)?
7
Suppose 5*l = 5*n - 5640, -12*n + 15*n - 4*l - 3388 = 0. What is the tens digit of n?
2
Suppose 5*f + 4 = 9. Let l(a) = -a + 1. Let j(b) = 5*b - 2. Let n(y) = f*j(y) + 6*l(y). What is the units digit of n(-9)?
3
What is the units digit of (-1 + (-2328)/40)/(3/(-60))?
4
Suppose 4*b = 2*y + 16, -5*y + 5 = -2*b + 37. Let v(i) = -8*i + 16. What is the units digit of v(y)?
4
Let g be (-4)/(-16) + 9/(-4). What is the units digit of 72 + g/(-2) + -3?
0
Let d = -243 + 233. Let y(l) = 2*l + 20. Let n(b) = -3*b - 41. Let m(r) = -3*n(r) - 5*y(r). What is the units digit of m(d)?
3
Let y be 140/3*(-15)/(-10). Suppose -5*n + p = 4*p - y, 0 = -n + 5*p - 14. Let m(g) = -g**2 + 11*g + 9. What is the units digit of m(n)?
9
Let o(f) = -172*f + 826. What is the tens digit of o(-5)?
8
Let x(f) = f**3 + f**2 + f + 1. Let h be x(0). Let d = h - -2. Suppose i - 120 = -d*i. What is the tens digit of i?
3
Suppose 4*f - 4910 = -3*d, -5*f - 6*d + 6126 = -8*d. Suppose -f = -13*o - 251. What is the units digit of o?
5
Suppose -r + 56 = 3*p, 2*p - p + 200 = 5*r. Let g be (0 - 4*-1)*(-4 - -2). Let t = g + r. What is the tens digit of t?
3
Suppose 4*q + v = 2032, 5*q = 8*v - 3*v + 2515. What is the units digit of q?
7
Suppose 12 = 3*m - 4*a, 0 = -2*m - 5*a + 33 - 2. Let u = m - 8. Suppose 57 + u = 3*r. What is the tens digit of r?
1
Suppose 214 = -4*z + 2*q, 3*z - 5*q + 52 + 91 = 0. What is the tens digit of -2 - (-9)/((-9)/z)?
5
Let y(w) be the third derivative of -w**6/60 - 7*w**5/60 - 5*w**4/12 - 5*w**3/6 - 5*w**2 - 12. Suppose 4*v + 8 = 2*v. What is the tens digit of y(v)?
5
Let t be -1*2*(-1 - 2). Suppose -24 = t*c - 8*c. What is the tens digit of c?
1
Suppose -11 + 43 = -4*m. What is the tens digit of 288/27*(-78)/m?
0
Let v be (0 - -1)*32/2. Let d be (-2)/(-6)*3/(-1). Let l = v - d. What is the tens digit of l?
1
Let x(g) = g**2 - 10*g + 8. Let w be x(9). Let h be (-2)/w - -100 - -1. Suppose -2*a + h = -5*l, 5*l + 124 = 5*a - 96. What is the units digit of a?
9
Suppose 19 - 1 = 3*x. Suppose -2*j + x*j + 12 = 0. Let o = 8 - j. What is the tens digit of o?
1
Suppose 2*p - 1085 - 1527 = 2*s, 3*p - 3919 = 2*s. What is the thousands digit of p?
1
Suppose -3 = -3*l, 5*l - 3*l + 10 = 4*n. Suppose -f = -2*u - 5*f + 176, -256 = -n*u - 2*f. What is the units digit of u?
4
Let w(f) = 145*f - 29. What is the tens digit of w(21)?
1
Let k(b) = b - 19. Let p be k(6). What is the units digit of (-52)/(-13)*((-4)/(-2) - p)?
0
Let r be (-2)/(1 + 35/(-25)). Suppose -2*v - 4*f = -5*v + 25, 0 = -r*f + 25. What is the tens digit of v?
1
Suppose 15*o = 6*o + 16614. What is the units digit of o?
6
Let p = 1366 + -1337. What is the units digit of p?
9
Let h = 46 + -37. Suppose -96 = -h*b + 8*b. What is the units digit of b?
6
Let b be 6*1/3 - -23. Let p = -25 + b. Suppose -k - 4*k - 3*z = -236, 5*z + 15 = p. What is the units digit of k?
9
Let l = -11 - -16. Suppose l*g = g + 60. What is the tens digit of g?
1
Suppose 0 = 11*q + 2*q - 10348. What is the units digit of q?
6
Let t = -114 - -147. What is the units digit of t?
3
Let u be 2/6 - 294/18. What is the units digit of (u/(-12))/(-1)*-60?
0
Suppose 2*h = 4*h - 6. Suppose 0 = 2*r + h*l + 2*l - 143, 3*l - 137 = -2*r. Suppose 2*b + 0*b = 4*g + 26, -4*b + 4*g = -r. What is the tens digit of b?
1
Let b = 261 - -733. What is the tens digit of b?
9
Let o(j) = 9*j + 654. What is the tens digit of o(25)?
7
Let y(p) = 2*p. Let c(r) = -r**2 - 5*r - 4. Let u be c(-3). Let h be y(u). Suppose h*l = -20, -l = 5*z + l - 35. What is the units digit of z?
9
Suppose -3*z = -6*z + 279. What is the units digit of z?
3
Let b(p) = 8*p + 4. Let n be 1*18 + -1 + 2. Suppose -n = -4*o + c, -c - 3 = -3*o + 12. What is the tens digit of b(o)?
3
Let c = 1082 - 559. What is the units digit of c?
3
Suppose 3*c - 195 = -p, 4*c - 2*p - 238 = 12. What is the tens digit of ((0 + 1)*-1 - 0) + c?
6
What is the units digit of 4764/5 - (2 - (-55)/(-25))?
3
Let x(r) = -r**3 - 8*r**2 + 27. Let n be x(-8). Suppose -3*k = 2*p - 36 - 136, -k = -p - 64. Suppose -3*l + k = -n. What is the tens digit of l?
2
Let w(t) = -15*t - 9. Let j be w(-6). Let k be -3*(1 + -2) - -1. Suppose 0 = k*f - 15 - j. What is the tens digit of f?
2
Let v(y) = y**2 + 8. Let b be v(0). Suppose -5*n = 4*u - 22, -2*n = 3*n + 3*u - 19. Suppose 3*i = -2*z + 16, n*i - b = -2*z + 6. What is the units digit of i?
2
Let f(y) = -3*y + 23. Let s(i) = -i. Let b(u) = f(u) + 5*s(u). What is the units digit of b(-11)?
1
Let w = -301 + 170. Let t = -75 - w. What is the units digit of t?
6
What is the units digit of (-2 - (-3409)/(-7))/(-1)?
9
Let n(d) = 2*d**2 + 3*d - 1. Suppose -2*k - 2 = -3*b, -2*k + 5*b = -0*b - 2. What is the tens digit of n(k)?
1
Let m = -17 - -21. Suppose -5*x = -m*r + r + 98, 0 = -3*r + 3*x + 96. What is the tens digit of r?
3
Let s(d) = 20*d - 5. What is the hundreds digit of s(28)?
5
Let j(m) = -11*m**3 - 17*m**2 + 13*m + 9. What is the units digit of j(-5)?
4
Let x be (70/21)/(10/12). Suppose x*h = -5*l + 1340, -4*l + 1061 = -h + 2*h. What is the hundreds digit of l?
2
Let o(x) = -4*x + 1 + 6 + 5 + 5*x. Let n be (-129)/27 + (-2)/9. What is the units digit of o(n)?
7
Let l be (-20)/25*-46*5. Let k = l + -106. What is the tens digit of k?
7
Let p = -2221 + 7795. What is the units digit of p?
4
Let x(i) = 64*i**2 - 3*i - 19. What is the units digit of x(-3)?
6
Let m be 3249/4 - (-15)/20. Suppose -d = -2*d - 4*l - 417, -2*d = l + m. What is the tens digit of d/(-11) + 26/143?
3
Suppose 0*b + 1204 = 7*b. Suppose 5*s = r - 2*r + 86, 2*s = -2*r + b. What is the units digit of r?
6
Let c = -243 - -612. What is the hundreds digit of c?
3
Let z = -50 + 52. Suppose 2*v = -s + 9, -5*v + s = z*s - 30. What is the units digit of v?
7
Suppose 0*a - 2*a + 8 = 0. Let m(p) = -p**2 - a*p + 34 + 0*p + 3*p. What is the tens digit of m(0)?
3
Let f(z) be the third derivative of -5*z**4/24 - z**3 + z**2. Let n = 366 - 369. What is the units digit of f(n)?
9
Let h = -10 + 14. Let w = h + -2. Suppose -3 = -w*b - b. What is the units digit of b?
1
Suppose z - 1479 = -4*s - s, 4*s - z - 1176 = 0. What is the hundreds digit of s?
2
Let s be -8 + (-3 - -5) - 3. Let j(m) = m**2 + 8*m - 3. What is the units digit of j(s)?
6
Suppose 0 = 2*p - 5*u - 13, 5*p - u = 8 + 13. Suppose 0*l + p*l + 64 = 0. Let t = 40 + l. What is the tens digit of t?
2
Let c = -59 + 62. Suppose -p - r = -178, 5 = -c*r + 2. What is the tens digit of p?
7
Let x = 32 - 38. Let b(p) = 2*p + p + p**3 + 4 + 7*p**2 + 3*p. What is the units digit of b(x)?
4
Let l = 4141 - 304. What is the hundreds digit of l?
8
Suppose -10487 = -17*n + 54402. What is the thousands digit of n?
3
Let k(h) = 2228*h**2 + 2*h. What is the tens digit of k(-1)?
2
Let n = 12 - 9. Suppose -a - 6 - n = 0. What is the units digit of 1 - 2 - (a - 1)?
9
What is the units digit of 561 - ((-11)/5 + 4/(-5))?
4
Suppose 2*c = 2*i + 36, c + 6*i - i + 6 = 0. Suppose -195 = 9*l - c*l. What is the units